o - 21, o - 14 = -3*c. Let x(i) = 14*i**3. Calculate x(o).
-14
Let j(h) be the second derivative of h**7/2520 + h**6/240 - h**5/120 + h**4/4 + 3*h. Let u(p) be the third derivative of j(p). Calculate u(-4).
3
Let r(s) = s**3 - 3*s**2 - s - 4. Suppose -5*t = -4*u + 6*u + 6, -u + 4*t + 10 = 0. Let q be ((6 - 0)/1)/u. Determine r(q).
-7
Suppose -4*c = 2 + 14. Let g(v) = 5*v - 7. Let m(q) = -4*q + 6. Let y(k) = c*m(k) - 3*g(k). Determine y(0).
-3
Let a(h) be the first derivative of -10*h**3/3 - 6*h**2 - 3*h - 1. Let z(b) = -3*b**2 - 4*b - 1. Let t(d) = -2*a(d) + 7*z(d). Give t(-4).
-1
Let r(h) = h**2 + 7*h + 4. Let o be r(-7). Let f = 0 + o. Suppose -f*l + 4 = -4. Let m(w) = -2*w**2 - 3*w + 2. Give m(l).
-12
Suppose 3*o - 8*o = 40. Let p = 4 + 1. Let b = p + o. Let j(s) = 4*s + 3. Determine j(b).
-9
Suppose -2*u - 5*g = -5 - 12, -g = -4*u + 1. Let i be 5 + -5 + -3*u. Let m(s) = s**3 + 3*s**2 + 2*s. Determine m(i).
-6
Let r(m) = 5*m**3 - 16*m**2 - 5*m + 9. Let n(a) = -a**3 + 3*a**2 + a - 2. Let o(x) = 11*n(x) + 2*r(x). Calculate o(0).
-4
Let l(x) = -x**2 + x - 1. Let y(v) = -5*v**2 + 2*v - 14. Let t(m) = 6*l(m) - y(m). Give t(6).
-4
Let c be 4/(-7) + (-15)/35. Let t(y) = -3*y. What is t(c)?
3
Let u(h) = 2*h + 2. Let i(g) be the first derivative of g**3/3 + 3*g**2 + 2*g - 1. Let k be i(-5). Determine u(k).
-4
Let m(a) be the first derivative of -a**4/4 + 4*a**3/3 + a**2 - 3*a - 14. Calculate m(4).
5
Let f(x) be the third derivative of -x**4/12 + 5*x**3/6 - 4*x**2. Determine f(4).
-3
Let i(x) = 6*x**2 + x - 1. Suppose -15 = -4*f - f. Suppose -3*v - 4*u + 26 = 0, -v = -f*u + 2 + 11. Let r = 3 - v. Calculate i(r).
6
Let u(t) = t**2 - t - 1. Let h = 9 + -11. Calculate u(h).
5
Let h(r) = r**2 - 3*r + 4. Suppose -5*u = -28 - 72. Suppose 0 = 4*n + 2*y - u, -n - y + 1 = -5. What is h(n)?
8
Let y(w) be the second derivative of -w**4/12 + 5*w**3/6 + 5*w**2/2 - 3*w. Let c be y(5). Let f(s) = -s**3 + 6*s**2 - 4*s - 5. Calculate f(c).
0
Let t(p) = -7*p**3 - p**2. Suppose -2*v = -16 + 18. Calculate t(v).
6
Let f(q) = q - 3. Let s = 5 + -8. Let x = s + 0. Let n be -4*x/6 + -2. Give f(n).
-3
Let o be (-11)/(-2) + (-2)/(-4). Let x be 2*1/(-2)*-2. Let g = o - x. Let v(l) = -2*l + 4. Give v(g).
-4
Let d(s) = 6 + s**3 + 5*s - 5*s + 7*s + 0*s + 6*s**2. Give d(-4).
10
Suppose 0 = -x - 2*q - 11, -5*x - q - 55 = 2*q. Let o = -10 - -5. Let l = x - o. Let i(k) = -k**3 - 7*k**2 - 8*k - 7. Give i(l).
5
Let h(k) = -8*k - 23. Let x be h(-4). Let b(r) = -r**3 + 8*r**2 + 7*r + 12. What is b(x)?
-6
Let z(i) = -2*i**2 + 3*i + 3. Let n(f) = -8*f - 1. Let h be n(-2). Let x = h - 12. Determine z(x).
-6
Let n(w) be the second derivative of w**3/2 - w. Let l be 4/14 + (228/(-21))/(-4). What is n(l)?
9
Let b(l) be the first derivative of -4/3*l**3 - 1/4*l**4 - 2*l**2 - 7 - 3*l. Determine b(-4).
13
Let l(f) be the third derivative of f**6/24 - f**5/60 - f**4/24 - 3*f**2. What is l(-1)?
-5
Let m(h) be the first derivative of 13*h**4/4 + h**3/3 - h**2 + h + 26. Let y = 6 - 5. What is m(y)?
13
Let q(k) = -4*k**3 - 8*k**2 + 5. Let f(d) = -2*d**3 + d**3 + 1 - d**2 + 4*d**2 - 5*d**2. Let c = -9 - -7. Let v(g) = c*q(g) + 9*f(g). What is v(-3)?
8
Let r(v) = v**2 - v. Let t(f) = 6*f**2 + 5*f + 9. Let h(w) = -5*r(w) + t(w). What is h(-9)?
0
Let u(l) = -l**2 + 5*l. Let k be -50*(2 - 1)/(-1). Let r be 1/(-4) + k/8. Let p = -3 + r. What is u(p)?
6
Let f(a) = -6*a**3 - 5*a. Let y(l) be the first derivative of l**4/4 - l**3/3 - 2. Let i = -7 - -2. Let j(d) = i*y(d) - f(d). Give j(-4).
-4
Let l(a) be the first derivative of -3*a**2 - a + 45. Suppose -4*k = -0*w + w - 4, -5*w + 20 = 3*k. Suppose -4*m + 7*m - 3 = k. Give l(m).
-7
Let q(i) = i - i + 1 + i + 0*i. Calculate q(4).
5
Let v(n) be the third derivative of -n**6/720 + n**5/30 - n**4/24 + 2*n**2. Let w(a) be the second derivative of v(a). Give w(3).
1
Suppose -4*r = -2*r - 6. Let p(x) = -5*x**3 + x**2 + 4. Let h be 1 + 1 - 2/(-2). Let y(o) = -4*o**3 + o**2 + o + 3. Let n(s) = h*p(s) - 4*y(s). Give n(r).
6
Let h = 29 + -32. Let u(a) = a**3 + a**2 - 3*a - 2. Give u(h).
-11
Let d(x) = 4*x - 8 - 10*x - 6*x**2 + 7*x**2. Determine d(8).
8
Let v(j) = -9*j**2 - 6*j + 4*j**2 - 11 + 4 + 4*j**2. Calculate v(-6).
-7
Let g = 2 - -2. Let n(t) be the second derivative of -t**3/3 + 3*t**2/2 - 2*t. What is n(g)?
-5
Suppose -3*h + h = -5*g - 22, -2*g = 4. Let o(j) be the third derivative of j**6/120 - j**5/12 - 5*j**4/24 + j**3/6 - j**2. Determine o(h).
7
Let c be (-6)/(-8) - (-5)/4. Let h(s) be the first derivative of s + 3/2*s**c + 1. What is h(-1)?
-2
Let q(w) = 3*w**2 + 3*w + 1. Let j(d) = d**2 + 2*d. Let h(i) = 5*j(i) - 2*q(i). Calculate h(4).
-2
Let g(v) be the third derivative of v**7/1008 - v**6/720 - v**5/10 + 6*v**2. Let o(x) be the third derivative of g(x). What is o(-1)?
-6
Let y be 1/4 - (-1)/(-5). Let g(d) be the second derivative of 0*d**3 + d**2 + 0 + y*d**5 - 1/4*d**4 - d. Give g(2).
-2
Let i(n) = 14*n**2 - n. Let h = -37 + 36. Calculate i(h).
15
Let c = 65/204 + 1/68. Let f(a) be the second derivative of -2*a + c*a**3 + 0 + 0*a**2. Determine f(2).
4
Let y = 14 + -16. Let k(d) = -4*d + 3*d - 68*d**2 + 70*d**2 - 2. Calculate k(y).
8
Let t be ((-4)/(-6))/((-1)/3). Let a be 1/t*(-2 + -4). Suppose 2*r - a = 3*o, -5*r = -2*r + 9. Let d(g) = g**3 + 2*g**2 - 3*g + 3. What is d(o)?
3
Let a = 0 + 0. Suppose 2*i - 14 = -a*i. Let k(z) = z + 0*z - i*z - 1. Calculate k(-1).
5
Let m(y) = -3*y**3 - y + y**2 + 2*y + 4 - 3. Let k = 6 + -7. Let g be (2*k/2)/1. Calculate m(g).
4
Let p(d) = -4*d - 22 + 22 + 3*d. Calculate p(-4).
4
Let g(h) be the second derivative of h**8/6720 - h**7/1260 - h**6/720 - h**5/120 - h**4/4 - h. Let x(t) be the third derivative of g(t). What is x(3)?
5
Let r(s) = -s**2 - s - 4. Let b(q) = q**3 + 7*q**2 + 10*q. Let p be b(-5). What is r(p)?
-4
Let r(b) = -b - 2. Let h be r(4). Let z(f) = -2*f - 3. What is z(h)?
9
Let u(a) = -a**2 - 6*a - 6. Let i(o) = o**2 + 5 - 4*o - 3*o + 5*o + 7*o. Let b(d) = -6*i(d) - 5*u(d). Calculate b(-1).
-1
Let h(j) = -5*j - 2. Let i(s) = s**3 - 13*s**2 - 15*s + 11. Let k be i(14). Calculate h(k).
13
Suppose -4*k - 5*x - 22 = 0, -5*x + 4*x - 2 = 0. Let p(u) = u**3 + 6*u**2 - 9*u - 10. Let t be p(-7). Let y = k + t. Let b(r) = -r**3 - r. Calculate b(y).
-2
Let v(l) = 12*l - 20. Let i be v(2). Let h(g) be the third derivative of 0*g - 1/6*g**3 + 0 + 1/30*g**5 + 2*g**2 - 1/24*g**i. What is h(2)?
5
Let j = -23 + 26. Let x(i) = -j*i + 2 - 5 - 3. Calculate x(-6).
12
Let j(q) = -8*q**3 - q**2 - q. Let c(u) = 3*u - 1. Let d be c(-1). Let a = -5 - d. Let t = a + 0. Determine j(t).
8
Let v(p) = -4*p + 2. Let m(u) be the first derivative of -u**2 + u - 1. Let i(z) = 5*m(z) - 2*v(z). Calculate i(-4).
9
Let p(y) = -y**3 - 2*y**2 + 3*y + 2. Let o(r) = -r**3 - 2*r**2 + 3*r + 2. Let t(l) = -2*o(l) + 3*p(l). Determine t(-3).
2
Let o(h) be the first derivative of -5/2*h**2 - 1 - h. Determine o(1).
-6
Let f(l) = 9*l - 3. Let s(i) = -4*i + 2. Let p(o) = -2*f(o) - 5*s(o). Let j(y) = -y**2 + 10*y - 5. Let a be j(8). Let w = a - 6. Calculate p(w).
6
Let m(k) = 7 - 6*k + 11*k - 1 + 2*k**2 - k**2. Calculate m(-4).
2
Let x(m) be the second derivative of -5*m**3/2 + m**2/2 + 15*m. What is x(1)?
-14
Let g be 1/2*-2*-6. Suppose -z + g = z. Let x(a) = 0 + 2 + 0*a**2 + 2*a**2 + 3*a + 3*a**3 - 4*a**3. Calculate x(z).
2
Let l(f) = 7 + 6*f - f**2 + 2*f**2 - 1. Let u be l(-5). Let d(b) = b**2 + 3*b**2 + 2*b**2 + b - 1. What is d(u)?
6
Let d(g) = g**2 + 3*g - 4. Let v(o) = o**2 - o + 5. Let s be v(0). Suppose 20 = -s*t + 5*n, 5 = 5*n - 15. Suppose t - 4 = w. Give d(w).
0
Let k be 0 + 1 + (1 - 0). Let v(i) = i**2 + 4*i. Let j be v(-4). Let w(d) = 2*d**3 - 38*d**2 + j*d**3 + 35*d**2 + 1. Calculate w(k).
5
Let y be ((-28)/2)/(-3 + 1). Let f = 2 - y. Let o(d) = -3*d - 15. Let j(u) = -u - 5. Let w(m) = -7*j(m) + 2*o(m). What is w(f)?
0
Let t = -55 + 59. Let q(k) = -k**3 + 5*k**2 - 3*k + 3. Give q(t).
7
Let a(l) be the first derivative of -l**2/2 - 7*l + 3. Suppose 7*h + 5 = 4*c + 2*h, 5*h = 5*c. Give a(c).
-2
Let v(p) be the third derivative of -p**5/60 + p**4/4 + p**3/6 - p**2. Suppose u - 4*l - 8 = 0, 88 = 3*u + 2*l + 2*l. Let s = 29 - u. Give v(s).
6
Let h(r) = -2*r + 9. Let q be h(7). Let m(w) = -3*w**3 + 8*w**2 - 8*w + 4. Let c(i) = -2*i**3 + 4*i**